{"id":96,"date":"2019-10-05T12:21:47","date_gmt":"2019-10-05T12:21:47","guid":{"rendered":"https:\/\/www.xn--brneergoterapien-lxb.dk\/?page_id=96"},"modified":"2024-01-20T21:49:26","modified_gmt":"2024-01-20T21:49:26","slug":"om-mig","status":"publish","type":"page","link":"https:\/\/www.xn--brneergoterapien-lxb.dk\/index.php\/om-mig\/","title":{"rendered":"Om Ergoterapeuten"},"content":{"rendered":"\n<div class=\"wp-block-group\"><div class=\"wp-block-group__inner-container is-layout-flow wp-block-group-is-layout-flow\"><div class=\"wp-block-image is-style-default\">\n<figure class=\"alignright size-large is-resized\"><img fetchpriority=\"high\" decoding=\"async\" width=\"283\" height=\"364\" src=\"https:\/\/www.xn--brneergoterapien-lxb.dk\/wp-content\/uploads\/2020\/01\/rsz_1rsz_1rsz_img_0339.jpg\" alt=\"\" class=\"wp-image-539\" style=\"width:136px;height:175px\" srcset=\"https:\/\/www.xn--brneergoterapien-lxb.dk\/wp-content\/uploads\/2020\/01\/rsz_1rsz_1rsz_img_0339.jpg 283w, https:\/\/www.xn--brneergoterapien-lxb.dk\/wp-content\/uploads\/2020\/01\/rsz_1rsz_1rsz_img_0339-233x300.jpg 233w\" sizes=\"(max-width: 283px) 100vw, 283px\" \/><figcaption class=\"wp-element-caption\"><em>Lise Skj\u00e6rb\u00e6k<\/em><\/figcaption><\/figure>\n<\/div><\/div><\/div>\n\n\n\n<div class=\"wp-block-group\"><div class=\"wp-block-group__inner-container is-layout-flow wp-block-group-is-layout-flow\"><div class=\"wp-block-image is-style-default\">\n<figure class=\"alignleft size-full is-resized\"><img decoding=\"async\" width=\"190\" height=\"207\" src=\"https:\/\/www.xn--brneergoterapien-lxb.dk\/wp-content\/uploads\/2023\/02\/ERGO-privatprakt-logo-groen-2.gif\" alt=\"\" class=\"wp-image-1393\" style=\"width:136px;height:147px\"\/><\/figure>\n<\/div>\n\n\n<p class=\"has-text-align-left\">Jeg er uddannet ergoterapeut i 1996 og har over 25 \u00e5rs erfaring p\u00e5 b\u00f8rneomr\u00e5det. Jeg har arbejdet med b\u00f8rn i alle aldre med sansemotoriske-, adf\u00e6rdsrelaterede- og neurologiske udfordringer, og med multible funktionsneds\u00e6ttelser og syndromer. <\/p>\n\n\n\n<p>Sammen med for\u00e6ldre og n\u00e6re omsorgspersoner tilrettel\u00e6gger vi bedst egnede interventionsplan. Jeg tager udgangspunkt i hele familien, da udfordringerne kan \u2018fylde\u2019 for andre, fx s\u00f8skende. Vi laver den plan der passer til jeres hverdag og tilgodeser de udfordringer, du oplever som de st\u00f8rste omkring dit barn.  <\/p>\n\n\n\n<p>Igennem vejledning, tr\u00e6ning og behandling til dit barn, f\u00e5r du helt konkrete redskaber til at hj\u00e6lpe jer i dagligdagen.  Det kan indeb\u00e6re stimulation af barnets forskellige sanser igennem dagen, s\u00e5<br>der skabes balance i barnets nervesystem. Vi kan justere p\u00e5 det lille barns lege, s\u00e5 de kan indg\u00e5 i leg og samspil med andre b\u00f8rn eller tr\u00e6ne m\u00e5lrettet p\u00e5 det sociale samspil med de lidt st\u00f8rre b\u00f8rn, fx. med kognitive teknikker. Der kan arbejdes udvikling af motoriske f\u00e6rdigheder ved at s\u00e6tte tr\u00e6ningen ind i hverdagsaktiviteter, fx omkring spisning, hvis der er vanskeligheder her og lignende. <\/p>\n\n\n<div class=\"wp-block-image\">\n<figure class=\"alignright size-full is-resized\"><img decoding=\"async\" width=\"354\" height=\"500\" src=\"https:\/\/www.xn--brneergoterapien-lxb.dk\/wp-content\/uploads\/2024\/01\/image-2.png\" alt=\"\" class=\"wp-image-1532\" style=\"width:114px;height:auto\" srcset=\"https:\/\/www.xn--brneergoterapien-lxb.dk\/wp-content\/uploads\/2024\/01\/image-2.png 354w, https:\/\/www.xn--brneergoterapien-lxb.dk\/wp-content\/uploads\/2024\/01\/image-2-212x300.png 212w\" sizes=\"(max-width: 354px) 100vw, 354px\" \/><\/figure>\n<\/div>\n\n\n<p>Jeg arbejder for at inkludere hverdagens rutiner i tr\u00e6ningen, hvilket betyder at jeg tilrettel\u00e6gger tr\u00e6ningen ind i de kendte hverdagsaktiviteter, s\u00e5 tr\u00e6ningen bliver usynlig for barnet. Jeg har en s\u00e6rlig fork\u00e6rlighed til at nuancere hverdagsaktiviteterne, s\u00e5 de giver mening for barnet.<\/p>\n\n\n\n<p> Jeg er medforfatter p\u00e5 kapitel 13 i Praksisbog om autisme for ergo- og fysioterapeuter, hvor jeg beskriver interventioner til hverdagsaktiviteter p\u00e5 aktivitets- og deltagelsesniveau. <\/p>\n\n\n\n<p><\/p>\n\n\n\n<p>Jeg anvender den habiliterende tilgang i mit arbejde med b\u00f8rn, herunder andre ergoterapeutiske metoder som:<\/p>\n\n\n\n<ul class=\"wp-block-list\">\n<li>Sanseintegrationsbehandling, Ayres. Sanseintegration er kroppens evne til at bearbejde forskellige sanseindtryk f.eks. balance og ber\u00f8ring. Sanseintegration kan have en positiv effekt p\u00e5 f.eks.: angst, motorisk uro, s\u00f8vnproblemer, kropsopfattelse, ber\u00f8ringsproblemer, koordinationsproblemer, balance m.m. (<a href=\"https:\/\/www.etf.dk\/sanseintegration\">SI\/Etf.dk<\/a>)<\/li>\n\n\n\n<li>Wilbarger Programmet, anvendes til b\u00f8rn med sensoriske intolerance, en tilstand med overreaktion p\u00e5 sensorisk p\u00e5virkning af et eller flere sansesystemer. Certificeret i den reviderede specialuddannelse af Patricia og Julia Wilbarger til behandlingen.<\/li>\n\n\n\n<li>Finmotorisk tr\u00e6ning til diskriminationsproblematikker, ses bl.a. ved skrivevanskeligheder.<\/li>\n\n\n\n<li>O.P.T. (Oral Placement Theraphy) til sansemotoriske spiseproblematikker.<\/li>\n\n\n\n<li>Visuel perceptionstr\u00e6ning, n\u00e5r opfattelse af synsindtryk vanskeligg\u00f8r leg og aktivitetsdeltagelse.<\/li>\n\n\n\n<li>ADL tilgang ved motoriske og kognitive processuelle vanskeligheder. AMPS kalibreret.<\/li>\n\n\n\n<li>iLs &#8211; Integrated listening Systems Certificeret. -Fokus program med lydstimulationen gennem sensoriske aktiviteter.<\/li>\n<\/ul>\n\n\n\n<p>Jeg tilf\u00f8jer andre interventionsmetoder, til fx regulering og adf\u00e6rdsproblematikker<\/p>\n\n\n\n<ul class=\"wp-block-list\">\n<li><a rel=\"noreferrer noopener\" href=\"https:\/\/www.xn--shestemad-l8a.dk\/\" target=\"_blank\">S\u00f8hestemad<\/a>, en bio-psyko-social tilgang til stressramte b\u00f8rn<\/li>\n\n\n\n<li>Cool Kids principperne, anvender jeg i den kognitive ergoterapeutiske tilgang. Jeg er certificeret vejleder, men tilbyder ikke behandlingsforl\u00f8b. For fuldt Cool Kids forl\u00f8b, kontakt en aut. psykolog med Cool Kids\/ Be Cool uddannelsen fx. <a href=\"https:\/\/www.psykolog-linnea-andersen.dk\/om-coolkids.html\">psykolog Linnea Andersen <\/a><\/li>\n\n\n\n<li>DIR\u00aeFloortime model,&nbsp;-en interventionstilgang til b\u00f8rn med udviklingsforstyrrelser, der anvendes i det relationelle rum for at underst\u00f8tte den sociale og kognitive udvikling.<\/li>\n\n\n\n<li><a href=\"https:\/\/www.stephenporges.com\/\">Polyvagal teori,<\/a> en sam-\/selvreguleringstilgang, hvor der gennem adf\u00e6rd og reaktionsm\u00f8nstre i sociale samspil tages udgangspunkt i stimulation af vagusnerven til at fremme balancen i det autonome nervesystem. Dette muligg\u00f8r relationel regulering, indre ro og f\u00f8lelse af tryghed og styrker det sociale samspil.<\/li>\n\n\n\n<li>S\u00f8vnhygiejne. God s\u00f8vn har stor betydning for barnets dagsform og udviklingsmuligheder, s\u00e5 er der udfordringer omkring s\u00f8vn, vil dette v\u00e6re et kontinuerligt fokus.<\/li>\n<\/ul>\n\n\n\n<p>For at sikre s\u00e5 h\u00f8j faglighed i opgaven som muligt, har jeg t\u00e6t samarbejde med andre privatpraktiserende ergoterapeuter, fysioterapeut og psykolog.<\/p>\n\n\n\n<p> <\/p>\n<\/div><\/div>\n","protected":false},"excerpt":{"rendered":"<p>Jeg er uddannet ergoterapeut i 1996 og har over 25 \u00e5rs erfaring p\u00e5 b\u00f8rneomr\u00e5det. Jeg har arbejdet med b\u00f8rn i alle aldre med sansemotoriske-, adf\u00e6rdsrelaterede- og neurologiske udfordringer, og med multible funktionsneds\u00e6ttelser og syndromer. Sammen med for\u00e6ldre og n\u00e6re omsorgspersoner tilrettel\u00e6gger vi bedst egnede interventionsplan. Jeg tager udgangspunkt i hele familien, da udfordringerne kan \u2018fylde\u2019 for andre, fx s\u00f8skende. Vi laver den plan der passer til jeres hverdag og tilgodeser de udfordringer, du oplever som de st\u00f8rste omkring dit barn. Igennem vejledning, tr\u00e6ning og behandling til dit barn, f\u00e5r du helt konkrete redskaber til at hj\u00e6lpe jer i dagligdagen. Det kan indeb\u00e6re stimulation af barnets forskellige sanser igennem dagen, s\u00e5der skabes balance i barnets nervesystem. Vi kan justere p\u00e5 det lille barns lege, s\u00e5 de kan indg\u00e5 i leg og samspil med andre b\u00f8rn eller tr\u00e6ne m\u00e5lrettet p\u00e5 det sociale samspil med de lidt st\u00f8rre b\u00f8rn, fx. med kognitive teknikker. Der kan arbejdes udvikling af motoriske f\u00e6rdigheder ved at s\u00e6tte tr\u00e6ningen ind i hverdagsaktiviteter, fx omkring spisning, hvis der er vanskeligheder her og lignende. Jeg arbejder for at inkludere hverdagens rutiner i tr\u00e6ningen, hvilket betyder at jeg tilrettel\u00e6gger tr\u00e6ningen ind i de kendte hverdagsaktiviteter, s\u00e5 tr\u00e6ningen bliver usynlig for barnet. Jeg har en s\u00e6rlig fork\u00e6rlighed til at nuancere hverdagsaktiviteterne, s\u00e5 de giver mening for barnet. Jeg er medforfatter p\u00e5 kapitel 13 i Praksisbog om autisme for ergo- og fysioterapeuter, hvor jeg beskriver interventioner til hverdagsaktiviteter p\u00e5 aktivitets- og deltagelsesniveau. Jeg anvender den habiliterende tilgang i mit arbejde med b\u00f8rn, herunder andre ergoterapeutiske metoder som: Jeg tilf\u00f8jer andre interventionsmetoder, til fx regulering og adf\u00e6rdsproblematikker For at sikre s\u00e5 h\u00f8j faglighed i opgaven som muligt, har jeg t\u00e6t samarbejde med andre privatpraktiserende ergoterapeuter, fysioterapeut og psykolog.<\/p>\n","protected":false},"author":1,"featured_media":0,"parent":0,"menu_order":0,"comment_status":"closed","ping_status":"closed","template":"","meta":{"_lmt_disableupdate":"","_lmt_disable":"","footnotes":""},"class_list":["post-96","page","type-page","status-publish","hentry"],"_links":{"self":[{"href":"https:\/\/www.xn--brneergoterapien-lxb.dk\/index.php\/wp-json\/wp\/v2\/pages\/96","targetHints":{"allow":["GET"]}}],"collection":[{"href":"https:\/\/www.xn--brneergoterapien-lxb.dk\/index.php\/wp-json\/wp\/v2\/pages"}],"about":[{"href":"https:\/\/www.xn--brneergoterapien-lxb.dk\/index.php\/wp-json\/wp\/v2\/types\/page"}],"author":[{"embeddable":true,"href":"https:\/\/www.xn--brneergoterapien-lxb.dk\/index.php\/wp-json\/wp\/v2\/users\/1"}],"replies":[{"embeddable":true,"href":"https:\/\/www.xn--brneergoterapien-lxb.dk\/index.php\/wp-json\/wp\/v2\/comments?post=96"}],"version-history":[{"count":85,"href":"https:\/\/www.xn--brneergoterapien-lxb.dk\/index.php\/wp-json\/wp\/v2\/pages\/96\/revisions"}],"predecessor-version":[{"id":1538,"href":"https:\/\/www.xn--brneergoterapien-lxb.dk\/index.php\/wp-json\/wp\/v2\/pages\/96\/revisions\/1538"}],"wp:attachment":[{"href":"https:\/\/www.xn--brneergoterapien-lxb.dk\/index.php\/wp-json\/wp\/v2\/media?parent=96"}],"curies":[{"name":"wp","href":"https:\/\/api.w.org\/{rel}","templated":true}]}}