{"id":601,"date":"2020-01-04T11:23:23","date_gmt":"2020-01-04T11:23:23","guid":{"rendered":"https:\/\/www.xn--brneergoterapien-lxb.dk\/?page_id=601"},"modified":"2022-08-14T05:57:48","modified_gmt":"2022-08-14T05:57:48","slug":"naar-sansesystemet-er-overreagerende-eller-underreagerende","status":"publish","type":"page","link":"https:\/\/www.xn--brneergoterapien-lxb.dk\/index.php\/naar-sansesystemet-er-overreagerende-eller-underreagerende\/","title":{"rendered":"N\u00e5r sansesystemet er overreagerende eller underreagerende"},"content":{"rendered":"\n<h4 class=\"has-text-color wp-block-heading\" style=\"color:#f5c72b\"><strong>Sensoriske Modulationsforstyrrelser<\/strong>  (SMD)<\/h4>\n\n\n\n<p>Modulationsforstyrrelser betyder, at sansesystemet enten over- eller underreagerer p\u00e5 stimuli. Det kan ikke umiddelbart ses p\u00e5 barnets bev\u00e6gelser, men det kan ses p\u00e5 adf\u00e6rden hos barnet.  <\/p>\n\n\n\n<p>Her er nogle eksempler, selvom det ikke er s\u00e5 enkelt i virkeligheden &#8211; for nogle b\u00f8rn kan have et sansesystem, der b\u00e5de reagerer for meget og for lidt p\u00e5 sansestimuli, og hvordan de reagerer p\u00e5 det, kan n\u00e6sten ikke beskrives fuldt ud:<\/p>\n\n\n\n<p class=\"has-very-light-gray-color has-text-color has-background\" style=\"background-color:#6bc470;font-size:18px\">N\u00e5r sansesystemet overreagerer p\u00e5 stimuli, har barnet en lav neurologisk t\u00e6rskel for sanseindtryk.<\/p>\n\n\n\n<p>De filtrerer ikke alle de stimuli de f\u00e5r fra sanserne, men modtager i stedet alt for mange indtryk de skal forholde sig til, og det er overv\u00e6ldende for barnet. Barnet er mere f\u00f8lsomt for sansestimulering end andre b\u00f8rn. Det vil enten v\u00e6re <strong>sensorisk undg\u00e5ende<\/strong> og aktivt frav\u00e6lge de situationer, der giver for mange stimuli, eksempelvis holde sig f\u00f8r \u00f8rerne, tr\u00e6kke sig fra ber\u00f8ring . Eller ogs\u00e5 bliver barnet i situationen, selvom det overstimuleres, men har en forsinket reaktion. Dette kaldes at v\u00e6re <strong>sensorisk f\u00f8lsom<\/strong>. De tr\u00e6kker sig ikke, men kan overstimuleres i l\u00f8bet af dagen til det punkt, hvor det er &#8220;for meget&#8221;. Dette kan det, i bedste tilf\u00e6lde, ende med en &#8220;forsinket tilbagetr\u00e6kning&#8221; og i v\u00e6rste tilf\u00e6lde, ende med en &#8220;nedsmeltning&#8221; oftest n\u00e5r de kommer hjem.  Overstimulering, der er foreg\u00e5et over l\u00e6ngere tid, har p\u00e5virket de dybe hjernestrukturer, som Amygdala, der styrer kamp og flugtmekanismer.  Barnet kan derfor reagere med vrede eller en n\u00e6sten utr\u00f8stelig tr\u00e6kken-sig-v\u00e6k, uden man kan forklare hvorfor. <\/p>\n\n\n\n<p>For begge kan det ses, at kram foreg\u00e5r p\u00e5 barnets betingelser, at barnet let bliver forskr\u00e6kket ved uventede lyde. Det kan ogs\u00e5 v\u00e6re, at barnet  undg\u00e5r at kravle op og v\u00e6k fra jorden (ikke er pjattet med lege p\u00e5 legeredskaber) eller reagerer p\u00e5 t\u00f8jm\u00e6rker i nakken eller ikke vil have str\u00f8mper p\u00e5 eller kun nogle helt bestemte str\u00f8mper. <\/p>\n\n\n\n<div class=\"wp-block-group\"><div class=\"wp-block-group__inner-container is-layout-flow wp-block-group-is-layout-flow\">\n<p>Det er derfor vigtigt at finde ud af;<\/p>\n\n\n\n<ul class=\"wp-block-list\"><li> p\u00e5 hvilke <a href=\"https:\/\/www.xn--brneergoterapien-lxb.dk\/index.php\/de-8-sanser\/\">sanser<\/a> overstimuleres barnet?<\/li><li> fors\u00f8ge at f\u00e5 de sanseomr\u00e5der integreret bedst muligt (<a href=\"https:\/\/www.xn--brneergoterapien-lxb.dk\/index.php\/behandlingsmetoder\/\">Sensorisk Di\u00e6t<\/a>)<\/li><li>hvordan stimuli fra omgivelserne kan d\u00e6mpes, hvordan barnet kan forberedes p\u00e5 dem og med den rigtige r\u00e5dgivning hj\u00e6lpe barnet med at kunne adaptere de stimuli.                                                                                                                                                                                                                  <img fetchpriority=\"high\" decoding=\"async\" width=\"350\" height=\"233\" class=\"wp-image-821\" style=\"width: 350px;\" src=\"https:\/\/www.xn--brneergoterapien-lxb.dk\/wp-content\/uploads\/2020\/01\/DSC_0231-scaled.jpg\" alt=\"\" srcset=\"https:\/\/www.xn--brneergoterapien-lxb.dk\/wp-content\/uploads\/2020\/01\/DSC_0231-scaled.jpg 2560w, https:\/\/www.xn--brneergoterapien-lxb.dk\/wp-content\/uploads\/2020\/01\/DSC_0231-300x199.jpg 300w, https:\/\/www.xn--brneergoterapien-lxb.dk\/wp-content\/uploads\/2020\/01\/DSC_0231-1024x681.jpg 1024w, https:\/\/www.xn--brneergoterapien-lxb.dk\/wp-content\/uploads\/2020\/01\/DSC_0231-768x511.jpg 768w, https:\/\/www.xn--brneergoterapien-lxb.dk\/wp-content\/uploads\/2020\/01\/DSC_0231-1536x1021.jpg 1536w, https:\/\/www.xn--brneergoterapien-lxb.dk\/wp-content\/uploads\/2020\/01\/DSC_0231-2048x1362.jpg 2048w\" sizes=\"(max-width: 350px) 100vw, 350px\" \/><\/li><li>skal der forebygges med <a href=\"https:\/\/www.xn--brneergoterapien-lxb.dk\/index.php\/behandlingsmetoder\/\">D\u00e6mpende sanseaktiviteter eller S\u00f8hestemad<\/a>, s\u00e5 Amygdala ikke p\u00e5virkes uhensigtsm\u00e6ssigt? Gentagne nedsmeltninger kan medf\u00f8re en <a href=\"https:\/\/www.xn--brneergoterapien-lxb.dk\/index.php\/overbelastningsreaktioner\/\">overbelastningsreaktion<\/a> .<\/li><\/ul>\n<\/div><\/div>\n\n\n\n<p class=\"has-very-light-gray-color has-text-color has-background\" style=\"background-color:#6bc470;font-size:18px\"> N\u00e5r sansesystemet underreagerer p\u00e5 stimuli, har barnet en h\u00f8j neurologisk t\u00e6rskel for sanseindtryk.<\/p>\n\n\n\n<p>De filtrerer alt for mangeaf de stimuli de f\u00e5r fra sanserne, og registrerer derfor ikke s\u00e6rlig mange indtryk.  Nogle b\u00f8rn v\u00e6re stille og passive. De er <strong>nedsat sensorisk registrerende.<\/strong> Der skal ofte flere stimuli til f\u00f8r de reagerer. Eksempelvis hvis man kalder p\u00e5 dem, kan det v\u00e6re n\u00f8dvendigt at der b\u00e5de tales, l\u00e6gges en h\u00e5nd p\u00e5 skulderen og gives \u00f8jenkontakt, f\u00f8r de reagerer. Det kan v\u00e6re, at de ikke bem\u00e6rker smerte ved st\u00f8d eller fald, og nogle kan n\u00e6rmest falde ned af stolen, selvom de sidder helt stille. <\/p>\n\n\n\n<p>Men disse b\u00f8rn kan ogs\u00e5 fors\u00f8ge selv at s\u00f8ge de stimuli de mangler, men det foreg\u00e5r typisk meget uorganiseret og derfor virker de meget <strong>sanses\u00f8gende<\/strong>. De har sv\u00e6rt ved at sidde stille p\u00e5 stolen, men er ofte urolige.  De g\u00e5r ofte meget t\u00e6t p\u00e5 andre, tygger p\u00e5 ting, &#8220;al gang foreg\u00e5r i l\u00f8b&#8221; og de elsker at lege ude og ofte med s\u00e5 lidt t\u00f8j p\u00e5 som muligt. <\/p>\n\n\n\n<p>Man kan n\u00e6sten sige de b\u00f8rn med h\u00f8j neurologisk t\u00e6rskel har vidt forskellig adf\u00e6rd. Men da de begge underreagerer p\u00e5 stimuli, vil disse b\u00f8rn  have brug for (n\u00e6sten) den samme hj\u00e6lp, &#8211; b\u00e5de en h\u00e5nd p\u00e5 skulderen og \u00f8jenkontakt, n\u00e5r man taler til dem (bruge flere sanseomr\u00e5der, for at give stimuli nok).<\/p>\n\n\n\n<div class=\"wp-block-group\"><div class=\"wp-block-group__inner-container is-layout-flow wp-block-group-is-layout-flow\">\n<p>Her er det vigtigt at finde ud af;<\/p>\n\n\n\n<ul class=\"wp-block-list\"><li> hvilke sanseomr\u00e5der er barnet underreagerende p\u00e5 &#8211; hvor er &#8220;triggerne&#8221; ved det sanses\u00f8gende barn?<\/li><li> at give den rette m\u00e6ngde stimuli til barnet i l\u00f8bet af dagen, s\u00e5 barnet &#8220;v\u00e6kkes&#8221; hvis de er stille og passive. Eller legale, gentagne stimuli, s\u00e5 barnets egen sanses\u00f8gen ikke forstyrrer omgivelserne (<a href=\"https:\/\/www.xn--brneergoterapien-lxb.dk\/index.php\/behandlingsmetoder\/\">Sensorisk di\u00e6t <\/a>eller sensorisk r\u00e5dgivning fra ergoterapeuten). <\/li><li>hvordan omgivelserne kan justeres og indrettes, s\u00e5 dagligdagen lettes for barnet.<\/li><\/ul>\n<\/div><\/div>\n\n\n<p><!--EndFragment--><\/p>\n\n\n<p class=\"has-text-align-right has-small-font-size\"><em>Kilder:  Blandt andre &#8211; Winnie Dunn, Lev Sanseligt|Lucy Jane Miller, Sensational Kids  <\/em><\/p>\n","protected":false},"excerpt":{"rendered":"<p>Sensoriske Modulationsforstyrrelser (SMD) Modulationsforstyrrelser betyder, at sansesystemet enten over- eller underreagerer p\u00e5 stimuli. Det kan ikke umiddelbart ses p\u00e5 barnets bev\u00e6gelser, men det kan ses p\u00e5 adf\u00e6rden hos barnet. Her er nogle eksempler, selvom det ikke er s\u00e5 enkelt i virkeligheden &#8211; for nogle b\u00f8rn kan have et sansesystem, der b\u00e5de reagerer for meget og for lidt p\u00e5 sansestimuli, og hvordan de reagerer p\u00e5 det, kan n\u00e6sten ikke beskrives fuldt ud: N\u00e5r sansesystemet overreagerer p\u00e5 stimuli, har barnet en lav neurologisk t\u00e6rskel for sanseindtryk. De filtrerer ikke alle de stimuli de f\u00e5r fra sanserne, men modtager i stedet alt for mange indtryk de skal forholde sig til, og det er overv\u00e6ldende for barnet. Barnet er mere f\u00f8lsomt for sansestimulering end andre b\u00f8rn. Det vil enten v\u00e6re sensorisk undg\u00e5ende og aktivt frav\u00e6lge de situationer, der giver for mange stimuli, eksempelvis holde sig f\u00f8r \u00f8rerne, tr\u00e6kke sig fra ber\u00f8ring . Eller ogs\u00e5 bliver barnet i situationen, selvom det overstimuleres, men har en forsinket reaktion. Dette kaldes at v\u00e6re sensorisk f\u00f8lsom. De tr\u00e6kker sig ikke, men kan overstimuleres i l\u00f8bet af dagen til det punkt, hvor det er &#8220;for meget&#8221;. Dette kan det, i bedste tilf\u00e6lde, ende med en &#8220;forsinket tilbagetr\u00e6kning&#8221; og i v\u00e6rste tilf\u00e6lde, ende med en &#8220;nedsmeltning&#8221; oftest n\u00e5r de kommer hjem. Overstimulering, der er foreg\u00e5et over l\u00e6ngere tid, har p\u00e5virket de dybe hjernestrukturer, som Amygdala, der styrer kamp og flugtmekanismer. Barnet kan derfor reagere med vrede eller en n\u00e6sten utr\u00f8stelig tr\u00e6kken-sig-v\u00e6k, uden man kan forklare hvorfor. For begge kan det ses, at kram foreg\u00e5r p\u00e5 barnets betingelser, at barnet let bliver forskr\u00e6kket ved uventede lyde. Det kan ogs\u00e5 v\u00e6re, at barnet undg\u00e5r at kravle op og v\u00e6k fra jorden (ikke er pjattet med lege p\u00e5 legeredskaber) eller reagerer p\u00e5 t\u00f8jm\u00e6rker i nakken eller ikke vil have str\u00f8mper p\u00e5 eller kun nogle helt bestemte str\u00f8mper. Det er derfor vigtigt at finde ud af; p\u00e5 hvilke sanser overstimuleres barnet? fors\u00f8ge at f\u00e5 de sanseomr\u00e5der integreret bedst muligt (Sensorisk Di\u00e6t) hvordan stimuli fra omgivelserne kan d\u00e6mpes, hvordan barnet kan forberedes p\u00e5 dem og med den rigtige r\u00e5dgivning hj\u00e6lpe barnet med at kunne adaptere de stimuli. skal der forebygges med D\u00e6mpende sanseaktiviteter eller S\u00f8hestemad, s\u00e5 Amygdala ikke p\u00e5virkes uhensigtsm\u00e6ssigt? Gentagne nedsmeltninger kan medf\u00f8re en overbelastningsreaktion . N\u00e5r sansesystemet underreagerer p\u00e5 stimuli, har barnet en h\u00f8j neurologisk t\u00e6rskel for sanseindtryk. De filtrerer alt for mangeaf de stimuli de f\u00e5r fra sanserne, og registrerer derfor ikke s\u00e6rlig mange indtryk. Nogle b\u00f8rn v\u00e6re stille og passive. De er nedsat sensorisk registrerende. Der skal ofte flere stimuli til f\u00f8r de reagerer. Eksempelvis hvis man kalder p\u00e5 dem, kan det v\u00e6re n\u00f8dvendigt at der b\u00e5de tales, l\u00e6gges en h\u00e5nd p\u00e5 skulderen og gives \u00f8jenkontakt, f\u00f8r de reagerer. Det kan v\u00e6re, at de ikke bem\u00e6rker smerte ved st\u00f8d eller fald, og nogle kan n\u00e6rmest falde ned af stolen, selvom de sidder helt stille. Men disse b\u00f8rn kan ogs\u00e5 fors\u00f8ge selv at s\u00f8ge de stimuli de mangler, men det foreg\u00e5r typisk meget uorganiseret og derfor virker de meget sanses\u00f8gende. De har sv\u00e6rt ved at sidde stille p\u00e5 stolen, men er ofte urolige. De g\u00e5r ofte meget t\u00e6t p\u00e5 andre, tygger p\u00e5 ting, &#8220;al gang foreg\u00e5r i l\u00f8b&#8221; og de elsker at lege ude og ofte med s\u00e5 lidt t\u00f8j p\u00e5 som muligt. Man kan n\u00e6sten sige de b\u00f8rn med h\u00f8j neurologisk t\u00e6rskel har vidt forskellig adf\u00e6rd. Men da de begge underreagerer p\u00e5 stimuli, vil disse b\u00f8rn have brug for (n\u00e6sten) den samme hj\u00e6lp, &#8211; b\u00e5de en h\u00e5nd p\u00e5 skulderen og \u00f8jenkontakt, n\u00e5r man taler til dem (bruge flere sanseomr\u00e5der, for at give stimuli nok). Her er det vigtigt at finde ud af; hvilke sanseomr\u00e5der er barnet underreagerende p\u00e5 &#8211; hvor er &#8220;triggerne&#8221; ved det sanses\u00f8gende barn? at give den rette m\u00e6ngde stimuli til barnet i l\u00f8bet af dagen, s\u00e5 barnet &#8220;v\u00e6kkes&#8221; hvis de er stille og passive. Eller legale, gentagne stimuli, s\u00e5 barnets egen sanses\u00f8gen ikke forstyrrer omgivelserne (Sensorisk di\u00e6t eller sensorisk r\u00e5dgivning fra ergoterapeuten). hvordan omgivelserne kan justeres og indrettes, s\u00e5 dagligdagen lettes for barnet. Kilder: Blandt andre &#8211; Winnie Dunn, Lev Sanseligt|Lucy Jane Miller, Sensational Kids<\/p>\n","protected":false},"author":1,"featured_media":0,"parent":0,"menu_order":0,"comment_status":"closed","ping_status":"closed","template":"","meta":{"_lmt_disableupdate":"","_lmt_disable":"","footnotes":""},"class_list":["post-601","page","type-page","status-publish","hentry"],"_links":{"self":[{"href":"https:\/\/www.xn--brneergoterapien-lxb.dk\/index.php\/wp-json\/wp\/v2\/pages\/601","targetHints":{"allow":["GET"]}}],"collection":[{"href":"https:\/\/www.xn--brneergoterapien-lxb.dk\/index.php\/wp-json\/wp\/v2\/pages"}],"about":[{"href":"https:\/\/www.xn--brneergoterapien-lxb.dk\/index.php\/wp-json\/wp\/v2\/types\/page"}],"author":[{"embeddable":true,"href":"https:\/\/www.xn--brneergoterapien-lxb.dk\/index.php\/wp-json\/wp\/v2\/users\/1"}],"replies":[{"embeddable":true,"href":"https:\/\/www.xn--brneergoterapien-lxb.dk\/index.php\/wp-json\/wp\/v2\/comments?post=601"}],"version-history":[{"count":35,"href":"https:\/\/www.xn--brneergoterapien-lxb.dk\/index.php\/wp-json\/wp\/v2\/pages\/601\/revisions"}],"predecessor-version":[{"id":1348,"href":"https:\/\/www.xn--brneergoterapien-lxb.dk\/index.php\/wp-json\/wp\/v2\/pages\/601\/revisions\/1348"}],"wp:attachment":[{"href":"https:\/\/www.xn--brneergoterapien-lxb.dk\/index.php\/wp-json\/wp\/v2\/media?parent=601"}],"curies":[{"name":"wp","href":"https:\/\/api.w.org\/{rel}","templated":true}]}}