{"id":148,"date":"2019-10-09T20:30:31","date_gmt":"2019-10-09T20:30:31","guid":{"rendered":"https:\/\/www.xn--brneergoterapien-lxb.dk\/?page_id=148"},"modified":"2025-08-27T11:28:34","modified_gmt":"2025-08-27T11:28:34","slug":"spiseseddel","status":"publish","type":"page","link":"https:\/\/www.xn--brneergoterapien-lxb.dk\/","title":{"rendered":"Ergoterapi til b\u00f8rn underst\u00f8tter barnets trivsel og udvikling i de daglige aktiviteter."},"content":{"rendered":"\n<p class=\"has-white-color has-text-color\">.<\/p>\n\n\n\n<p>Flere og flere familier oplever, at ergoterapi kan hj\u00e6lpe deres barn i hverdagslivet, n\u00e5r barnet med motoriske-, sensoriske- og eller adf\u00e6rds forstyrrelser oplever vanskeligheder med &#8220;at lykkes&#8221;. <\/p>\n\n\n\n<p>Ergoterapi skaber sammenh\u00e6ng mellem barnet, aktiviteter og omgivelser s\u00e5 deltagelse bliver muligt i de aktiviteter, der er meningsfulde for barnet. Ergoterapi muligg\u00f8r det gode b\u00f8rneliv, ved at give familien redskaber til at supportere de unikke kompetencer barnet har til at udvikle nye f\u00e6rdigheder og opn\u00e5 succesoplevelser.<\/p>\n\n\n\n<p>Igennem grundige unders\u00f8gelse(r), samtaler med for\u00e6ldrene og n\u00e6re voksne vokser planen for hvordan barnet hj\u00e6lpes, ved hj\u00e6lp af vejledning, supervision, tr\u00e6ning, behandling, kompensationsteknikker og\/eller forebyggelse af nye udfordringer.  <\/p>\n\n\n\n<p>Kernen i ergoterapi er, at de specifikke indsatser i planen implementeres i en stor del af barnets daglige aktiviteter, der gradueres og justeres netop til at sikre barnets udvikling. Dette er ofte en givende proces for for\u00e6ldre, at kunne tilpasse familiens og barnets dagligdagsaktiviteter, s\u00e5ledes det bliver tr\u00e6ning der udvikler barnet. Alt imens barnet ikke n\u00f8dvendigvis m\u00e6rker, at det er tr\u00e6ning &#8211; men oplever &#8220;at lykkes&#8221;.<\/p>\n\n\n\n<p>F\u00e6lles for de b\u00f8rn, der har behov for ergoterapi, er, at de p\u00e5 et eller flere omr\u00e5der har sv\u00e6rt ved at fungere i dagligdagen af fysiske, psykiske eller sociale \u00e5rsager. <\/p>\n\n\n\n<p>Eksempler p\u00e5 m\u00e5lgrupper for b\u00f8rneergoterapeutiske ydelser er:<\/p>\n\n\n\n<ul class=\"wp-block-list\">\n<li>B\u00f8rn med sansebearbejdnings problemer (SI)<\/li>\n\n\n\n<li>B\u00f8rn med motoriske problemer<\/li>\n\n\n\n<li>B\u00f8rn med cerebral parese (CP)<\/li>\n\n\n\n<li>B\u00f8rn med opm\u00e6rksomhedsproblemer, ASF, ADHD, ADD<\/li>\n\n\n\n<li>B\u00f8rn med syndromer og b\u00f8rn med sj\u00e6ldne handicaps<\/li>\n\n\n\n<li>B\u00f8rn med generelle indl\u00e6ringsvanskeligheder<\/li>\n\n\n\n<li>B\u00f8rn med erhvervede hjerneskader<\/li>\n\n\n\n<li>For tidligt f\u00f8dte b\u00f8rn<\/li>\n<\/ul>\n\n\n\n<p><\/p>\n","protected":false},"excerpt":{"rendered":"<p>. Flere og flere familier oplever, at ergoterapi kan hj\u00e6lpe deres barn i hverdagslivet, n\u00e5r barnet med motoriske-, sensoriske- og eller adf\u00e6rds forstyrrelser oplever vanskeligheder med &#8220;at lykkes&#8221;. Ergoterapi skaber sammenh\u00e6ng mellem barnet, aktiviteter og omgivelser s\u00e5 deltagelse bliver muligt i de aktiviteter, der er meningsfulde for barnet. Ergoterapi muligg\u00f8r det gode b\u00f8rneliv, ved at give familien redskaber til at supportere de unikke kompetencer barnet har til at udvikle nye f\u00e6rdigheder og opn\u00e5 succesoplevelser. Igennem grundige unders\u00f8gelse(r), samtaler med for\u00e6ldrene og n\u00e6re voksne vokser planen for hvordan barnet hj\u00e6lpes, ved hj\u00e6lp af vejledning, supervision, tr\u00e6ning, behandling, kompensationsteknikker og\/eller forebyggelse af nye udfordringer. Kernen i ergoterapi er, at de specifikke indsatser i planen implementeres i en stor del af barnets daglige aktiviteter, der gradueres og justeres netop til at sikre barnets udvikling. Dette er ofte en givende proces for for\u00e6ldre, at kunne tilpasse familiens og barnets dagligdagsaktiviteter, s\u00e5ledes det bliver tr\u00e6ning der udvikler barnet. Alt imens barnet ikke n\u00f8dvendigvis m\u00e6rker, at det er tr\u00e6ning &#8211; men oplever &#8220;at lykkes&#8221;. F\u00e6lles for de b\u00f8rn, der har behov for ergoterapi, er, at de p\u00e5 et eller flere omr\u00e5der har sv\u00e6rt ved at fungere i dagligdagen af fysiske, psykiske eller sociale \u00e5rsager. Eksempler p\u00e5 m\u00e5lgrupper for b\u00f8rneergoterapeutiske ydelser er:<\/p>\n","protected":false},"author":1,"featured_media":0,"parent":0,"menu_order":0,"comment_status":"closed","ping_status":"closed","template":"","meta":{"_lmt_disableupdate":"","_lmt_disable":"","footnotes":""},"class_list":["post-148","page","type-page","status-publish","hentry"],"_links":{"self":[{"href":"https:\/\/www.xn--brneergoterapien-lxb.dk\/index.php\/wp-json\/wp\/v2\/pages\/148","targetHints":{"allow":["GET"]}}],"collection":[{"href":"https:\/\/www.xn--brneergoterapien-lxb.dk\/index.php\/wp-json\/wp\/v2\/pages"}],"about":[{"href":"https:\/\/www.xn--brneergoterapien-lxb.dk\/index.php\/wp-json\/wp\/v2\/types\/page"}],"author":[{"embeddable":true,"href":"https:\/\/www.xn--brneergoterapien-lxb.dk\/index.php\/wp-json\/wp\/v2\/users\/1"}],"replies":[{"embeddable":true,"href":"https:\/\/www.xn--brneergoterapien-lxb.dk\/index.php\/wp-json\/wp\/v2\/comments?post=148"}],"version-history":[{"count":47,"href":"https:\/\/www.xn--brneergoterapien-lxb.dk\/index.php\/wp-json\/wp\/v2\/pages\/148\/revisions"}],"predecessor-version":[{"id":1435,"href":"https:\/\/www.xn--brneergoterapien-lxb.dk\/index.php\/wp-json\/wp\/v2\/pages\/148\/revisions\/1435"}],"wp:attachment":[{"href":"https:\/\/www.xn--brneergoterapien-lxb.dk\/index.php\/wp-json\/wp\/v2\/media?parent=148"}],"curies":[{"name":"wp","href":"https:\/\/api.w.org\/{rel}","templated":true}]}}